{"id":1235,"date":"2021-11-24T16:42:05","date_gmt":"2021-11-24T19:42:05","guid":{"rendered":"http:\/\/feiradosagrado.com.br\/?post_type=product&#038;p=1235"},"modified":"2021-11-26T09:18:51","modified_gmt":"2021-11-26T12:18:51","slug":"jo-acessorios-afro-rede-de-mulheres","status":"publish","type":"product","link":"https:\/\/feiradosagrado.com.br\/?product=jo-acessorios-afro-rede-de-mulheres","title":{"rendered":"J\u00f4 acess\u00f3rios afro rede de mulheres"},"content":{"rendered":"","protected":false},"excerpt":{"rendered":"<p><a href=\"http:\/\/feiradosagrado.com.br\/wp-content\/uploads\/2021\/11\/Rede-de-Mulheres-1.jpeg\"><img decoding=\"async\" class=\"alignnone wp-image-1236\" src=\"http:\/\/feiradosagrado.com.br\/wp-content\/uploads\/2021\/11\/Rede-de-Mulheres-1.jpeg\" alt=\"\" width=\"180\" height=\"104\" \/><\/a><\/p>\n<p>Mulher negra expressa sua identidade, a valoriza\u00e7\u00e3o da est\u00e9tica ancestral do povo afro brasileiro, \u00e9 oque move a designer a desenvolver suas ideias.<\/p>\n<p><strong>Telefone:<\/strong> (71) 99197-4117<\/p>\n<p><a href=\"https:\/\/www.instagram.com\/salomaoacessorios\/\"><img decoding=\"async\" class=\"alignnone wp-image-1237\" src=\"http:\/\/feiradosagrado.com.br\/wp-content\/uploads\/2021\/11\/SALMACESS.png\" alt=\"\" width=\"225\" height=\"24\" \/><\/a><\/p>\n<p><a href=\"http:\/\/feiradosagrado.com.br\/wp-content\/uploads\/2021\/07\/WHATSAPPCOMP.png\"><img decoding=\"async\" class=\"alignnone wp-image-1121\" src=\"http:\/\/feiradosagrado.com.br\/wp-content\/uploads\/2021\/07\/WHATSAPPCOMP-300x136.png\" alt=\"\" width=\"227\" height=\"103\" srcset=\"https:\/\/feiradosagrado.com.br\/wp-content\/uploads\/2021\/07\/WHATSAPPCOMP-300x136.png 300w, https:\/\/feiradosagrado.com.br\/wp-content\/uploads\/2021\/07\/WHATSAPPCOMP-1024x465.png 1024w, https:\/\/feiradosagrado.com.br\/wp-content\/uploads\/2021\/07\/WHATSAPPCOMP-768x349.png 768w, https:\/\/feiradosagrado.com.br\/wp-content\/uploads\/2021\/07\/WHATSAPPCOMP-1536x698.png 1536w, https:\/\/feiradosagrado.com.br\/wp-content\/uploads\/2021\/07\/WHATSAPPCOMP-1200x545.png 1200w, https:\/\/feiradosagrado.com.br\/wp-content\/uploads\/2021\/07\/WHATSAPPCOMP-600x273.png 600w, https:\/\/feiradosagrado.com.br\/wp-content\/uploads\/2021\/07\/WHATSAPPCOMP.png 1765w\" sizes=\"(max-width: 227px) 100vw, 227px\" \/><\/a><\/p>\n","protected":false},"featured_media":1243,"comment_status":"open","ping_status":"closed","template":"","meta":[],"product_brand":[],"product_cat":[56],"product_tag":[66,67,65,64,68],"class_list":{"0":"post-1235","1":"product","2":"type-product","3":"status-publish","4":"has-post-thumbnail","6":"product_cat-acessorios-e-artes","7":"product_tag-acessorios","8":"product_tag-afro","9":"product_tag-identidade","10":"product_tag-mulher","11":"product_tag-rede","12":"pa_marca-jo-acessorios","14":"first","15":"instock","16":"shipping-taxable","17":"product-type-simple"},"_links":{"self":[{"href":"https:\/\/feiradosagrado.com.br\/index.php?rest_route=\/wp\/v2\/product\/1235","targetHints":{"allow":["GET"]}}],"collection":[{"href":"https:\/\/feiradosagrado.com.br\/index.php?rest_route=\/wp\/v2\/product"}],"about":[{"href":"https:\/\/feiradosagrado.com.br\/index.php?rest_route=\/wp\/v2\/types\/product"}],"replies":[{"embeddable":true,"href":"https:\/\/feiradosagrado.com.br\/index.php?rest_route=%2Fwp%2Fv2%2Fcomments&post=1235"}],"wp:featuredmedia":[{"embeddable":true,"href":"https:\/\/feiradosagrado.com.br\/index.php?rest_route=\/wp\/v2\/media\/1243"}],"wp:attachment":[{"href":"https:\/\/feiradosagrado.com.br\/index.php?rest_route=%2Fwp%2Fv2%2Fmedia&parent=1235"}],"wp:term":[{"taxonomy":"product_brand","embeddable":true,"href":"https:\/\/feiradosagrado.com.br\/index.php?rest_route=%2Fwp%2Fv2%2Fproduct_brand&post=1235"},{"taxonomy":"product_cat","embeddable":true,"href":"https:\/\/feiradosagrado.com.br\/index.php?rest_route=%2Fwp%2Fv2%2Fproduct_cat&post=1235"},{"taxonomy":"product_tag","embeddable":true,"href":"https:\/\/feiradosagrado.com.br\/index.php?rest_route=%2Fwp%2Fv2%2Fproduct_tag&post=1235"}],"curies":[{"name":"wp","href":"https:\/\/api.w.org\/{rel}","templated":true}]}}